3 + -2. Let w be l(o). Let d = -7 - w. Calculate the highest common divisor of d and 17.
17
Let h be ((-48)/(-18) - 4)*(-684)/8. Calculate the greatest common divisor of h and 1292.
38
Let t(c) = -12*c + 3*c + c + 11 + 9*c. Let f be t(-4). Suppose -19 = -f*j + 9. What is the highest common divisor of j and 1?
1
Let n = -124 + 1573. Calculate the greatest common divisor of n and 21.
21
Suppose 5*j - 35 = -9*k, -2*j - 5*k + 13 = 6. Let o = -90 + 100. What is the greatest common factor of o and j?
2
Suppose 0*u = u + 49. Let h be (126/u)/((-1)/7) - 0. Let l = 34 - h. What is the highest common divisor of l and 24?
8
Let a(n) be the first derivative of 240*n**2 - 25*n + 138. Let z be a(1). Calculate the highest common factor of 35 and z.
35
Suppose -2*x - 552 = -5*x. Suppose -6*a = 805 + 233. Let v = a + 196. Calculate the highest common factor of x and v.
23
Suppose 53272 + 72544 = 12*k + 18908. What is the greatest common factor of k and 302?
151
Suppose -3*r - 4*p + 31448 = 0, 490*r + 5*p - 10468 = 489*r. What is the greatest common factor of 23 and r?
23
Suppose 0 = 20*f - 4502 - 1078. Suppose -f - 99 = -6*s. Calculate the greatest common divisor of 84 and s.
21
Suppose 0 = -218*n + 744 + 336 + 1754. Calculate the greatest common factor of 22282 and n.
13
Let u be (-48)/20*(-1)/((-20)/(-450)). Calculate the highest common divisor of u and 270.
54
Let q(s) = 2*s**2 - s + 1. Let p be q(-2). Let k be (1*p)/(3/30). Suppose 0 = -c + 1 - 6, -4*o = -c - 93. What is the highest common factor of o and k?
22
Let h = 34380 + -34342. Suppose -4*n = -3*n, 3*l - 456 = n. Calculate the highest common factor of h and l.
38
Suppose -4*d = -5*a - 612, 2*d = 3*a + a + 312. Let y = d + -104. Calculate the greatest common divisor of 22 and y.
22
Suppose m - 54 = -4*f - 596, -m + 2*f - 536 = 0. Let h = -536 - m. What is the greatest common factor of 214 and h?
2
Suppose -12 = 4*h - 132. Suppose 30*s - 489 = -129. Suppose -h = -n + s. What is the highest common divisor of 28 and n?
14
Let d(q) = -2*q**3 - 26*q**2 + 46*q + 340. Let m be d(-14). What is the greatest common divisor of m and 935?
11
Let f = 116 - 112. Suppose -c + 4*c - 294 = 3*m, -f*m = -c + 86. Calculate the highest common factor of 153 and c.
51
Let h(q) = 5*q + 19. Let c be h(-3). Suppose c*o = s + 9, -o - 3*s = -3*o + 17. What is the highest common factor of 23 and o?
1
Let s = 1707 - -363. What is the greatest common factor of s and 54?
18
Suppose 258*a = 484*a - 279*a + 19557. What is the highest common divisor of a and 36?
9
Let z(u) = 78*u + 189. Let l be z(5). Suppose l = 25*x - 46. Calculate the greatest common factor of 10 and x.
5
Let j = -4723 - -5573. Calculate the greatest common factor of j and 102.
34
Let y = 13239 - 7162. What is the greatest common divisor of y and 59?
59
Suppose a - 1322 = j, 41*a - 5309 = 37*a - 3*j. What is the highest common factor of a and 689?
53
Let r be 7*-1*2400/(-1120). Calculate the greatest common factor of 3435 and r.
15
Let q(z) = z + 23. Let j be (6/(-1))/((-6)/(-20)). Let a be q(j). Suppose -a*s - 2*s = -25. What is the greatest common factor of s and 55?
5
Suppose 0 = 62*o + 377*o - 1293294. What is the highest common factor of 6 and o?
6
Suppose 0 = -2*a - 49 + 1. Let y be (-4)/a - 767/(-6). Suppose 5*d = 147 + y. What is the highest common factor of 11 and d?
11
Suppose 12*u = -176 - 112. Let q = u + 32. Calculate the highest common divisor of q and 104.
8
Suppose -3*l = 3*f - 378, 4*l + f = 198 + 309. Let o = l - 121. What is the highest common factor of o and 6?
6
Suppose 0 = 3*c + z - 138, -83*z + 82*z = -c + 38. What is the highest common divisor of c and 192?
4
Suppose -21 - 3 = -4*y. Suppose -6 = -3*r + y. Let c = 164 - 148. Calculate the highest common divisor of r and c.
4
Suppose -727*s + 779*s = 254176. Calculate the highest common factor of s and 312.
104
Suppose 2*n + n - 5806 - 71 = 0. Calculate the highest common divisor of 3 and n.
3
Suppose 0 = -244*p - 9367 + 45235. Calculate the greatest common factor of 525 and p.
21
Let w = -28890 + 31113. Calculate the highest common divisor of 1053 and w.
117
Let v = -58 - -98. Let c = -540 - -660. What is the highest common factor of v and c?
40
Let f be 6 + -1 - ((2 - 0) + 1). Suppose -f*v - 311 = -5*n, 5*v - 262 = -5*n + n. What is the highest common factor of 315 and n?
63
Let t = 713 - 1131. Let q = -358 - t. Suppose -2*n + w + 171 = -2*w, -4*n = 5*w - 375. Calculate the highest common factor of n and q.
30
Suppose -5*h + 16 = -t, -3*h - 2*t = 2*h - 13. Suppose 2*p = 3*u - 7, u = h*u + p - 14. Calculate the highest common divisor of u and 30.
5
Let b(s) = -10*s**2 - 3*s**2 - 4 + 14*s**2 - 9*s + 6*s. Let t be b(-4). Let w be (-2)/((9/t)/((-12)/8)). What is the highest common divisor of w and 8?
8
Let z(h) = 2*h + 121. Let b be z(-38). Let k be (7/(-14))/(1/(-18)). Suppose -k*p + 4*p + 150 = 0. Calculate the highest common divisor of p and b.
15
Suppose -45*b = -44*b - 172. Let j = b - 68. Calculate the highest common divisor of j and 13.
13
Suppose 170*n - 176*n = -4290. Let u = -707 + n. What is the greatest common divisor of u and 72?
8
Let w be ((-14)/(-4))/((-20)/(-40)). Let o = w + -49. Let y = o + 49. Calculate the greatest common factor of 49 and y.
7
Let j = -11662 + 13262. What is the greatest common divisor of j and 256?
64
Let f(q) = 5*q**2 + 4*q - 37. Let u be f(7). Let y = -208 + u. Calculate the greatest common divisor of y and 42.
14
Let h = 131 - 118. Suppose j + 3*j = d, -j - 3*d - h = 0. Let b be j*(26 + -2)*(-200)/30. What is the highest common divisor of b and 8?
8
Let y be ((-7)/(-5))/(3/(-65)*(-86)/12126). What is the greatest common factor of 39 and y?
13
Let x(i) = i**2. Let o be x(-3). Suppose -4*d = -2*q - 2*q + 16, -3*d - 12 = 2*q. Suppose q = 11*w + 3*w - 126. What is the highest common factor of w and o?
9
Let b = -6615 - -6667. What is the highest common factor of 845 and b?
13
Let v(j) = j**2 + 2*j + 3. Let i be v(-3). Let x be (-8 + 1206/153)*-17. Suppose -x*w = -1204 + 1144. What is the highest common divisor of w and i?
6
Let k be (-2)/(-4)*-2 + 26. Let a be (-264)/(-52) + 5/(-65). Calculate the highest common divisor of k and a.
5
Let t be 3/(-5) + (-98085)/(-975). Calculate the highest common divisor of t and 575.
25
Let c = -27 - -40. Let i = -60 - -74. Let l = i + c. What is the highest common divisor of l and 54?
27
Let s be 73/2 + 55/(-22). Let k = s - -384. Calculate the greatest common factor of 22 and k.
22
Let v = 539 - -21. Suppose 8*s - v = -192. Let b be (-2*15)/(-4 - s/(-12)). Calculate the highest common divisor of b and 36.
36
Let m be (15/(-2) + 7)/(2/(-288)). What is the greatest common divisor of 2358 and m?
18
Let d(k) = -4*k + 30. Let g be d(7). Let p = g - -54. What is the greatest common factor of 140 and p?
28
Suppose -290*n = -297*n + 198240. What is the highest common factor of 16 and n?
16
Let b be 70/(-6)*(-2592)/720. Calculate the highest common factor of b and 966.
42
Let u(o) = 2*o**3 + o**2 - 22*o + 25. Suppose -24 = -4*z + 4*g, -30 = -5*z + g + 3*g. Let s be u(z). Calculate the greatest common divisor of s and 38.
19
Let b(p) = 3116*p + 57. Let c(o) = -111*o - 2. Let y(t) = -2*b(t) - 57*c(t). Let f be y(2). Calculate the greatest common divisor of f and 20.
10
Let x(y) = 21*y**2 - 3*y - 2. Let v be x(-2). Let t(m) = -3*m**3 + 17*m**2 - 105*m + 698. Let i be t(6). What is the greatest common factor of i and v?
8
Suppose 0 = 3*d + 9, -5*b + 10626 = -28*d + 26*d. What is the greatest common divisor of b and 36?
36
Let z be 84/10 - 4/10. Suppose 23*t = 22*t - c + 2, -t - 2*c + 4 = 0. Let p(w) = 95*w + 2. Let v be p(t). What is the highest common factor of z and v?
2
Suppose 8*y + 47 = 63. Suppose -3*j + 758 = 2*u + 224, y*j = u + 349. What is the highest common factor of 33 and j?
11
Suppose 74*c - 77*c = b - 1928, 3*c - 1828 = -11*b. Suppose -k = -0*k - 3, 2*l = -k + 79. What is the highest common divisor of l and c?
38
Let o(i) = -i - 4. Let j be o(-1). Let q be -4 + 0 + (j - -8) + 9. Suppose q*r - 442 = 8. What is the greatest common factor of 18 and r?
9
Let t(c) = 46*c**2 - 2*c - 35. Let z be t(4). Calculate the greatest common factor of 154 and z.
77
Let g(l) = -1 - 7 + 21 + 111*l + 17. Let p be g(2). Calculate the g